of (-2)/((-20)/1515)*4/6?
101
Suppose y + 15 = -2*y, -4*y = 4*u + 8. Suppose -u*o = -o - 12. List the prime factors of o.
2, 3
Let s(r) be the first derivative of -r**2/2 + 2*r - 4. List the prime factors of s(-11).
13
Suppose 125 = -0*c + 5*c. What are the prime factors of c?
5
Let b(v) = v**2 - 4*v + 2. Let k(c) = c**3 + 4*c**2 + c - 1. Let z be k(-2). What are the prime factors of b(z)?
7
Suppose -r - 3*r = 164. Let w = 61 + r. What are the prime factors of w?
2, 5
Let u(l) be the first derivative of -l**3/3 + 2*l + 3. List the prime factors of u(0).
2
Suppose 2*v + 159 = -1. List the prime factors of 2/((2*-2)/v).
2, 5
Let r(q) = q. Let y be r(0). Suppose 2 = s - y. Suppose -5*w + 57 = s. List the prime factors of w.
11
Suppose 0*l - 3 = 3*l. Let u = 7 + l. List the prime factors of (4/u)/(4/36).
2, 3
Let v(k) = 2*k - 12. Let t(p) = p + 4. Let u be t(6). What are the prime factors of v(u)?
2
Let g = 8 + -3. Suppose -6*d + d - 2*u + 200 = 0, -u = g*d - 200. Suppose -d = -4*s - s. List the prime factors of s.
2
Let v be ((-4)/10)/(1/210). Let a = 172 + v. Suppose 5*t - 2*i - a = 7, -3*t = i - 46. What are the prime factors of t?
17
Suppose -6*d + 311 = -d + h, 5*d = -4*h + 314. What are the prime factors of d?
2, 31
Let b = -9 - 2. Let q = -7 - b. What are the prime factors of q?
2
Suppose 0 = -3*n + m + 410, 5*n + 163 = 5*m + 833. What are the prime factors of n?
2, 3, 23
Let a be 26/7 - 2/(-7). Suppose 4*t = o + 27, a*o - 8 = -4*t + 24. List the prime factors of t.
7
Let p be 1/(2 - (-52)/(-24)). Let t(b) = b**3 + 6*b**2 - 5*b + 4. List the prime factors of t(p).
2, 17
Let o = 1 - 1. Suppose o = -p - 4*p - t + 86, -2*p - 5*t + 16 = 0. What are the prime factors of p?
2, 3
Let k be (-60 + 1 - -2)*-1. Suppose 5*i = -4*a + 96, 4*i + a - k = 11. What are the prime factors of i?
2
Suppose 5*o = -3*f + 7 - 27, 4*o = -3*f - 22. Let m = f - -5. Let a(v) = v**3 + 6*v**2 + 3*v + 2. List the prime factors of a(m).
2, 3
Suppose 9*t - 491 = 1102. What are the prime factors of t?
3, 59
Suppose -3*y = -4*p - 956 + 60, 0 = 4*y - 3*p - 1197. What are the prime factors of y?
2, 3, 5
Let g(w) = w**3 - 2*w**2 + w + 1. Let i be g(2). Suppose -71 = -4*m - i*s + 56, 0 = -2*s + 2. What are the prime factors of m?
31
Let a(z) = 13*z**2 - 5*z + 16. Let m(n) = -3*n**2 + n - 4. Let f(s) = -2*a(s) - 9*m(s). Let w be f(0). Suppose 20 = w*i - 2*i. What are the prime factors of i?
2, 5
Let n(a) = 0*a**2 - 4 + 3*a**2 - 4*a**2 - 6*a. Suppose 3*r + 4*u + 11 = 2*r, 3*r + 2*u + 13 = 0. What are the prime factors of n(r)?
5
Let n be (-3 - -2)/(2/4). What are the prime factors of (1 - 5 - 0)*n?
2
Let r be (25/(-20))/((-2)/8). Suppose 4*w + 12 = 2*d, -2*w + 3 + 3 = r*d. Let l(i) = -i**3 + i**2 + i - 2. What are the prime factors of l(w)?
2
Suppose 5*m - 81 = 99. Suppose 0 = t - m + 2. List the prime factors of t.
2, 17
Let k(u) = u**3 + 6*u**2 + 3*u. What are the prime factors of k(-4)?
2, 5
Let a(r) = -2*r**3 + 19*r**2 + 6*r - 1. Let v(q) = q**3 - 10*q**2 - 3*q. Let s(n) = 3*a(n) + 5*v(n). Let p be s(7). Let d = p - 13. List the prime factors of d.
5
Let a(q) = q**2 - 6*q - 3. Let h be a(6). Let l be 248/6*h/(-2). Suppose -3*b + 4*z + l = 0, -b + 0*b + 2*z + 22 = 0. What are the prime factors of b?
2, 3
Let p(i) = -i**2 + 6*i + 2. Let n be p(7). Let x = n - -7. Let k(a) = 2*a**2 + 3*a - 2. List the prime factors of k(x).
2, 3
List the prime factors of (-9)/(-15) - 0 - 1208/(-20).
61
What are the prime factors of (-3)/12 - 525/(-20)?
2, 13
Suppose -4*x - 4 = 4*s + 8, -x + 4*s + 17 = 0. Let p be (x/(-3))/((-1)/15). Suppose q - p = 1. What are the prime factors of q?
2, 3
Let z = 28 + -8. What are the prime factors of z?
2, 5
Suppose -j - 5*m - 27 = -4*j, 4 = -2*j - 4*m. List the prime factors of j.
2
Let m be (1 + 1)*1 + 2. Suppose m*f + 0*f = 4. Suppose -h = -f - 12. List the prime factors of h.
13
Suppose -4*d + 2*x + 42 = 0, -2*d - 4*x - 8 + 4 = 0. What are the prime factors of d?
2
Let j(d) = -3*d**3 - 7*d**2 - d + 2. Let t(l) = l**3 + l**2 + l + 1. Let x(u) = -j(u) - 2*t(u). What are the prime factors of x(-4)?
2
Let n = -9 - -11. Suppose 0 = 2*a - 5*v - 39, -3*v + 48 = n*a + v. What are the prime factors of a?
2, 11
Suppose 5*n + 0*y = -4*y - 90, -3*y + 37 = -n. Let r = n + 37. What are the prime factors of r?
3, 5
Let i(n) = -n**2 - 16*n + 4. What are the prime factors of i(-14)?
2
Suppose 2*d = 4*d - 280. What are the prime factors of d?
2, 5, 7
Suppose -5*i = -239 - 96. What are the prime factors of i?
67
What are the prime factors of ((-70)/4)/((-4)/8)?
5, 7
Suppose 40*n = 42*n - 212. What are the prime factors of n?
2, 53
Suppose 9 - 37 = -2*o. Let k = -32 + o. Let g = k - -26. List the prime factors of g.
2
Suppose 0 = -0*y + 5*y - 110. What are the prime factors of 517/y - 1/2?
23
List the prime factors of (-28)/(-8)*(-24)/(-14).
2, 3
Let r(z) = 46*z**2 - 2. List the prime factors of r(-2).
2, 7, 13
Suppose -3*y + 12 = 2*o, 0 = 4*o + 2*y - 11 - 13. Suppose 4*k - 38 = 2*a, -2*a - 14 = -k - o*a. Suppose 5*f = -k + 70. What are the prime factors of f?
2, 3
Suppose 0 = -6*j + j + 50. Suppose l - j = -2. What are the prime factors of l?
2
Let d(b) = -11*b - 35. List the prime factors of d(-8).
53
Suppose -52 = -5*l + l. Suppose -3*g + 130 = l. What are the prime factors of (g/(-21) - -1)*-7?
2, 3
Let n(b) = -b**3 + 2*b**2 + b - 1. What are the prime factors of n(-3)?
41
List the prime factors of ((-2)/3)/((-2)/27).
3
Suppose 3*f + 78 = -3*y, 0*f + 5*f = y - 112. Let b = f - -38. What are the prime factors of b?
3, 5
Suppose -9 = -0*n - 3*n. Suppose -4*h - n = -h. Let u = 3 + h. What are the prime factors of u?
2
Let l be (4/(-6))/((-2)/(-3)). Let o = l - 2. Let b = 0 - o. What are the prime factors of b?
3
Let f(o) = 5*o**2 + 5*o. Let n(m) = -m. Let j(d) = f(d) + 4*n(d). Let a be j(-1). Let h = a + 5. List the prime factors of h.
3
Suppose w + 16 - 207 = -4*r, -3*w + 593 = 2*r. List the prime factors of w.
199
What are the prime factors of (12/(-9))/((-4)/42)?
2, 7
Let m(l) be the first derivative of -l - 1 - 1/2*l**2. What are the prime factors of m(-6)?
5
Suppose -4*w + 0*w + 16 = 0. Let i be (-14)/(-8) - 1/(-4). Suppose -i*y + w*y - 14 = 0. List the prime factors of y.
7
Let z(k) = 2*k**2 - 7*k + 5. Suppose -8 = -2*h + 2. What are the prime factors of z(h)?
2, 5
Let b be -4 - 1/(1/(-4)). Suppose -4*p = 2*o - p - 87, -5*o + 5*p + 255 = b. What are the prime factors of o?
2, 3
Let x be 40/(-6) + 4/6. Let l(c) = -c**3 + 6*c**2 - 2*c - 1. Let r be l(6). Let a = x - r. List the prime factors of a.
7
Let n(x) be the second derivative of -x**4/12 + x**3 + 2*x**2 + 4*x. What are the prime factors of n(6)?
2
Suppose a - 6 = -1, n + 4*a - 23 = 0. Let s be ((-1)/(-2))/(n/(-36)). List the prime factors of (8/(-6))/(4/s).
2
Let y = -6 - -10. Suppose 2*s - y*s + 122 = 0. Suppose 4*o - s = 3*w, 4*w = -0*w + 4. What are the prime factors of o?
2
Let c(f) = f**3 + 6*f**2 + 5*f + 5. Let o(v) = v**2 - 9*v - 4. Let y be o(9). List the prime factors of c(y).
17
Suppose r = 4*c + 1, -3*r = -2*c + 3*c - 16. Suppose l = w - 0*w + 16, -90 = -5*l - r*w. List the prime factors of l.
17
Suppose -k - 47 = -w - 2*w, -3*w - 3*k = -27. Let j = w - 7. List the prime factors of j.
7
Suppose 3*n = m + 5*n - 32, n = 3. List the prime factors of m.
2, 13
Let h be (-100)/(-6) - 4/6. Let m = h + -24. Let d = m + 18. What are the prime factors of d?
2, 5
Suppose -4*p - 30 = -2*p. Let r = p + 39. List the prime factors of r.
2, 3
Suppose 2*b - 5*b + 149 = 4*r, 3*b = -r + 35. Suppose d + 0*d - 16 = -5*p, -5*p = 3*d - r. Let u = d - -3. List the prime factors of u.
2, 7
Let i(g) be the first derivative of -g**4/4 + 4*g**3/3 + 3*g**2 - g - 4. What are the prime factors of i(5)?
2
Let x = 2 + -3. Let c be 5 + 0/(-2 + x). Suppose -23 = -3*n + 4*d - 2*d, -2*d + 65 = c*n. List the prime factors of n.
11
Let t(n) = -2 - 7 + 11 - 4*n. List the prime factors of t(-6).
2, 13
Suppose 0*s = -5*s + 330. Let m = -38 + s. Suppose 4*z - 2*z = 4*u + 4, -2*z - 2*u = -m. What are the prime factors of z?
2, 5
Let z = 153 - 64. What are the prime factors of z?
89
Let c(x) = -4*x**2 + 2*x + 3. Let y be c(-4). Let h = y - -103. List the prime factors of h.
2, 17
What are the prime factors of (-1 + -17)*437/(-57)?
2, 3, 23
Suppo